 and 16625?
125
Calculate the greatest common divisor of 3264 and 153.
51
What is the highest common factor of 12415 and 573?
191
Calculate the greatest common factor of 351 and 81.
27
Calculate the greatest common divisor of 219 and 1679.
73
What is the highest common factor of 1230 and 30?
30
Calculate the highest common divisor of 160 and 10.
10
Calculate the highest common divisor of 1470 and 120.
30
What is the highest common divisor of 1075 and 100?
25
What is the highest common factor of 1539 and 76?
19
Calculate the highest common factor of 24 and 9.
3
What is the greatest common factor of 11804 and 78?
26
What is the greatest common divisor of 98 and 21?
7
Calculate the highest common factor of 99 and 39303.
99
Calculate the greatest common factor of 36 and 16.
4
Calculate the highest common factor of 716 and 14.
2
What is the greatest common factor of 33 and 143?
11
What is the greatest common divisor of 180 and 5292?
36
Calculate the greatest common divisor of 1008 and 315.
63
Calculate the highest common divisor of 348 and 12.
12
What is the greatest common divisor of 304 and 1026?
38
What is the highest common divisor of 104 and 80?
8
Calculate the highest common divisor of 312 and 7878.
78
Calculate the highest common factor of 153 and 119.
17
What is the greatest common divisor of 14130 and 2512?
314
What is the highest common factor of 18 and 31932?
18
What is the greatest common factor of 1357 and 3953?
59
Calculate the highest common divisor of 30 and 1410.
30
Calculate the highest common factor of 288 and 128.
32
Calculate the highest common factor of 414 and 46.
46
Calculate the greatest common factor of 286 and 198.
22
What is the highest common factor of 18 and 828?
18
What is the highest common factor of 598 and 2507?
23
Calculate the greatest common divisor of 183 and 6.
3
What is the highest common factor of 17347 and 209?
209
What is the greatest common factor of 18 and 198?
18
What is the greatest common factor of 5 and 7895?
5
Calculate the greatest common factor of 3182 and 185.
37
What is the greatest common factor of 448 and 140?
28
Calculate the highest common divisor of 490 and 10.
10
Calculate the highest common factor of 68 and 36.
4
Calculate the greatest common divisor of 51 and 6.
3
What is the highest common factor of 240 and 330?
30
What is the highest common divisor of 153 and 27?
9
Calculate the greatest common divisor of 2365 and 55.
55
What is the greatest common divisor of 15 and 54?
3
What is the greatest common factor of 55 and 1727?
11
What is the greatest common divisor of 272 and 16?
16
What is the highest common divisor of 1498 and 140?
14
What is the greatest common divisor of 16 and 264?
8
What is the greatest common divisor of 28 and 21?
7
Calculate the greatest common factor of 7050 and 25.
25
Calculate the highest common divisor of 208 and 39.
13
Calculate the greatest common divisor of 1056 and 66.
66
Calculate the greatest common divisor of 45 and 63.
9
What is the greatest common factor of 41 and 2993?
41
Calculate the greatest common factor of 212 and 1537.
53
What is the greatest common divisor of 1133 and 22?
11
Calculate the highest common factor of 580 and 261.
29
Calculate the highest common factor of 49 and 35.
7
Calculate the highest common divisor of 788 and 4.
4
Calculate the highest common factor of 305 and 5.
5
Calculate the greatest common factor of 12 and 192.
12
Calculate the highest common factor of 3 and 271.
1
Calculate the greatest common factor of 88 and 143.
11
What is the highest common factor of 390 and 546?
78
Calculate the greatest common factor of 700 and 25.
25
What is the greatest common divisor of 549 and 333?
9
Calculate the highest common divisor of 45 and 24525.
45
Calculate the highest common factor of 4437 and 1305.
261
What is the greatest common divisor of 318 and 24?
6
What is the highest common factor of 21 and 2779?
7
Calculate the highest common divisor of 99 and 1584.
99
What is the highest common divisor of 143 and 77?
11
Calculate the greatest common factor of 1562 and 3550.
142
What is the highest common factor of 12 and 1356?
12
Calculate the greatest common divisor of 18 and 318.
6
What is the greatest common divisor of 248 and 186?
62
Calculate the greatest common factor of 54 and 369.
9
What is the highest common divisor of 130 and 3110?
10
Calculate the greatest common factor of 43 and 6407.
43
Calculate the highest common divisor of 646 and 102.
34
What is the greatest common factor of 635 and 16256?
127
Calculate the highest common factor of 2800 and 1085.
35
What is the highest common factor of 565 and 452?
113
Calculate the greatest common factor of 60159 and 33.
33
Calculate the greatest common divisor of 30 and 4.
2
Calculate the highest common divisor of 3082 and 46.
46
Calculate the highest common divisor of 49 and 1652.
7
Calculate the greatest common divisor of 160 and 46.
2
Calculate the greatest common divisor of 171090 and 15.
15
What is the highest common divisor of 35 and 1085?
35
Calculate the greatest common factor of 87 and 58.
29
Calculate the greatest common factor of 3302 and 260.
26
What is the greatest common divisor of 594 and 33?
33
Calculate the highest common divisor of 6201 and 265.
53
What is the highest common factor of 8 and 62?
2
What is the greatest common factor of 17253 and 71?
71
Calculate the highest common factor of 3013 and 655.
131
Calculate the highest common divisor of 11 and 671.
11
Calculate the greatest common factor of 1002 and 42.
6
What is the greatest common factor of 656 and 4?
4
What is the greatest common factor of 8679 and 11?
11
What is the greatest common factor of 18 and 1404?
18
What is the greatest common factor of 16 and 256?
16
What is the greatest common factor of 24 and 186?
6
Calculate the greatest common divisor of 455 and 728.
91
What is the highest common factor of 26 and 406?
2
What is the highest common factor of 34 and 4?
2
Calculate the greatest common factor of 869 and 902.
11
Calculate the greatest common divisor of 31987 and 29.
29
What is the highest common divisor of 72 and 7164?
36
What is the greatest common divisor of 1053 and 741?
39
Calculate the highest common factor of 10 and 380.
10
Calculate the greatest common divisor of 12 and 1956.
12
Calculate the greatest common factor of 32 and 9872.
16
What is the highest common factor of 268 and 8?
4
Calculate the greatest common divisor of 23 and 161.
23
Calculate the greatest common divisor of 253 and 22.
11
What is the highest common factor of 378 and 91?
7
Calculate the highest common divisor of 46 and 9522.
46
Calculate the highest common factor of 995 and 1393.
199
What is the highest common divisor of 30 and 615?
15
Calculate the greatest common factor of 17 and 1326.
17
Calculate the greatest common factor of 2 and 38.
2
What is the greatest common factor of 4 and 4?
4
Calculate the highest common factor of 504 and 105.
21
What is the greatest common divisor of 374 and 22?
22
What is the greatest common divisor of 22 and 55?
11
Calculate the highest common divisor of 51 and 34.
17
Calculate the greatest common divisor of 4 and 280.
4
What is the highest common divisor of 125 and 75?
25
What is the greatest common divisor of 39 and 663?
39
Calculate the highest common divisor of 240 and 50.
10
What is the greatest common divisor of 319 and 99?
11
Calculate the greatest common divisor of 24 and 28.
4
Calculate the greatest common divisor of 825 and 500.
25
Calculate the highest common factor of 285 and 87.
3
Calculate the greatest common divisor of 30 and 375.
15
What is the highest common factor of 612 and 36?
36
What is the highest common factor of 13935 and 15?
15
What is the highest common divisor of 22 and 1782?
22
Calculate the highest common factor of 18515 and 230.
115
Calculate the greatest common divisor of 413 and 1357.
59
What is the greatest common divisor of 450 and 100?
50
What is the highest common factor of 33 and 583?
11
What is the highest common factor of 1472 and 64?
64
What is the greatest common factor of 92 and 1127?
23
What is the highest common divisor of 1566 and 174?
174
Calculate the highest common divisor of 88 and 4312.
88
Calculate the greatest common divisor of 222 and 5